{"id":2347,"date":"2013-12-20T15:27:57","date_gmt":"2013-12-20T13:27:57","guid":{"rendered":"http:\/\/www.rkuittinen.fi\/?page_id=2347"},"modified":"2024-08-09T15:55:10","modified_gmt":"2024-08-09T13:55:10","slug":"lehtikuvat-2","status":"publish","type":"page","link":"https:\/\/www.rkuittinen.fi\/?page_id=2347","title":{"rendered":"Lehtikuvat"},"content":{"rendered":"<p>Kunkin kuvan julkaisukanava merkitty kuvaan.<\/p>\n<div id='gallery-1' class='gallery galleryid-2347 gallery-columns-3 gallery-size-medium'><figure class='gallery-item'>\n\t\t\t<div class='gallery-icon portrait'>\n\t\t\t\t<a href='https:\/\/www.rkuittinen.fi\/wp-content\/uploads\/2024\/08\/ylakarjala-0001.jpg'><img loading=\"lazy\" decoding=\"async\" width=\"200\" height=\"300\" src=\"https:\/\/www.rkuittinen.fi\/wp-content\/uploads\/2024\/08\/ylakarjala-0001-200x300.jpg\" class=\"attachment-medium size-medium\" alt=\"\" aria-describedby=\"gallery-1-3480\" srcset=\"https:\/\/www.rkuittinen.fi\/wp-content\/uploads\/2024\/08\/ylakarjala-0001-200x300.jpg 200w, https:\/\/www.rkuittinen.fi\/wp-content\/uploads\/2024\/08\/ylakarjala-0001-683x1024.jpg 683w, https:\/\/www.rkuittinen.fi\/wp-content\/uploads\/2024\/08\/ylakarjala-0001-100x150.jpg 100w, https:\/\/www.rkuittinen.fi\/wp-content\/uploads\/2024\/08\/ylakarjala-0001-768x1152.jpg 768w, https:\/\/www.rkuittinen.fi\/wp-content\/uploads\/2024\/08\/ylakarjala-0001-1024x1536.jpg 1024w, https:\/\/www.rkuittinen.fi\/wp-content\/uploads\/2024\/08\/ylakarjala-0001-1366x2048.jpg 1366w, https:\/\/www.rkuittinen.fi\/wp-content\/uploads\/2024\/08\/ylakarjala-0001-1200x1800.jpg 1200w, https:\/\/www.rkuittinen.fi\/wp-content\/uploads\/2024\/08\/ylakarjala-0001.jpg 1467w\" sizes=\"auto, (max-width: 200px) 100vw, 200px\" \/><\/a>\n\t\t\t<\/div>\n\t\t\t\t<figcaption class='wp-caption-text gallery-caption' id='gallery-1-3480'>\n\t\t\t\tYl\u00e4-Karjala\n\t\t\t\t<\/figcaption><\/figure><figure class='gallery-item'>\n\t\t\t<div class='gallery-icon landscape'>\n\t\t\t\t<a href='https:\/\/www.rkuittinen.fi\/wp-content\/uploads\/2023\/11\/lehtikuvia-0011.jpg'><img loading=\"lazy\" decoding=\"async\" width=\"300\" height=\"200\" src=\"https:\/\/www.rkuittinen.fi\/wp-content\/uploads\/2023\/11\/lehtikuvia-0011-300x200.jpg\" class=\"attachment-medium size-medium\" alt=\"\" aria-describedby=\"gallery-1-3397\" srcset=\"https:\/\/www.rkuittinen.fi\/wp-content\/uploads\/2023\/11\/lehtikuvia-0011-300x200.jpg 300w, https:\/\/www.rkuittinen.fi\/wp-content\/uploads\/2023\/11\/lehtikuvia-0011-1024x683.jpg 1024w, https:\/\/www.rkuittinen.fi\/wp-content\/uploads\/2023\/11\/lehtikuvia-0011-150x100.jpg 150w, https:\/\/www.rkuittinen.fi\/wp-content\/uploads\/2023\/11\/lehtikuvia-0011-768x512.jpg 768w, https:\/\/www.rkuittinen.fi\/wp-content\/uploads\/2023\/11\/lehtikuvia-0011-1536x1024.jpg 1536w, https:\/\/www.rkuittinen.fi\/wp-content\/uploads\/2023\/11\/lehtikuvia-0011-2048x1366.jpg 2048w, https:\/\/www.rkuittinen.fi\/wp-content\/uploads\/2023\/11\/lehtikuvia-0011-1200x800.jpg 1200w, https:\/\/www.rkuittinen.fi\/wp-content\/uploads\/2023\/11\/lehtikuvia-0011-1980x1320.jpg 1980w\" sizes=\"auto, (max-width: 300px) 100vw, 300px\" \/><\/a>\n\t\t\t<\/div>\n\t\t\t\t<figcaption class='wp-caption-text gallery-caption' id='gallery-1-3397'>\n\t\t\t\tYl\u00e4-Karjala\n\t\t\t\t<\/figcaption><\/figure><figure class='gallery-item'>\n\t\t\t<div class='gallery-icon portrait'>\n\t\t\t\t<a href='https:\/\/www.rkuittinen.fi\/wp-content\/uploads\/2023\/11\/lehtikuvia-0012.jpg'><img loading=\"lazy\" decoding=\"async\" width=\"200\" height=\"300\" src=\"https:\/\/www.rkuittinen.fi\/wp-content\/uploads\/2023\/11\/lehtikuvia-0012-200x300.jpg\" class=\"attachment-medium size-medium\" alt=\"\" aria-describedby=\"gallery-1-3398\" srcset=\"https:\/\/www.rkuittinen.fi\/wp-content\/uploads\/2023\/11\/lehtikuvia-0012-200x300.jpg 200w, https:\/\/www.rkuittinen.fi\/wp-content\/uploads\/2023\/11\/lehtikuvia-0012-683x1024.jpg 683w, https:\/\/www.rkuittinen.fi\/wp-content\/uploads\/2023\/11\/lehtikuvia-0012-100x150.jpg 100w, https:\/\/www.rkuittinen.fi\/wp-content\/uploads\/2023\/11\/lehtikuvia-0012-768x1152.jpg 768w, https:\/\/www.rkuittinen.fi\/wp-content\/uploads\/2023\/11\/lehtikuvia-0012-1024x1536.jpg 1024w, https:\/\/www.rkuittinen.fi\/wp-content\/uploads\/2023\/11\/lehtikuvia-0012-1366x2048.jpg 1366w, https:\/\/www.rkuittinen.fi\/wp-content\/uploads\/2023\/11\/lehtikuvia-0012-1200x1800.jpg 1200w, https:\/\/www.rkuittinen.fi\/wp-content\/uploads\/2023\/11\/lehtikuvia-0012.jpg 1467w\" sizes=\"auto, (max-width: 200px) 100vw, 200px\" \/><\/a>\n\t\t\t<\/div>\n\t\t\t\t<figcaption class='wp-caption-text gallery-caption' id='gallery-1-3398'>\n\t\t\t\tJyv\u00e4skyl\u00e4n seurakunnan Henki&#038;el\u00e4m\u00e4-lehti\n\t\t\t\t<\/figcaption><\/figure><figure class='gallery-item'>\n\t\t\t<div class='gallery-icon portrait'>\n\t\t\t\t<a href='https:\/\/www.rkuittinen.fi\/wp-content\/uploads\/2023\/11\/lehtikuvia-0006.jpg'><img loading=\"lazy\" decoding=\"async\" width=\"200\" height=\"300\" src=\"https:\/\/www.rkuittinen.fi\/wp-content\/uploads\/2023\/11\/lehtikuvia-0006-200x300.jpg\" class=\"attachment-medium size-medium\" alt=\"\" aria-describedby=\"gallery-1-3394\" srcset=\"https:\/\/www.rkuittinen.fi\/wp-content\/uploads\/2023\/11\/lehtikuvia-0006-200x300.jpg 200w, https:\/\/www.rkuittinen.fi\/wp-content\/uploads\/2023\/11\/lehtikuvia-0006-683x1024.jpg 683w, https:\/\/www.rkuittinen.fi\/wp-content\/uploads\/2023\/11\/lehtikuvia-0006-100x150.jpg 100w, https:\/\/www.rkuittinen.fi\/wp-content\/uploads\/2023\/11\/lehtikuvia-0006-768x1152.jpg 768w, https:\/\/www.rkuittinen.fi\/wp-content\/uploads\/2023\/11\/lehtikuvia-0006-1024x1536.jpg 1024w, https:\/\/www.rkuittinen.fi\/wp-content\/uploads\/2023\/11\/lehtikuvia-0006-1366x2048.jpg 1366w, https:\/\/www.rkuittinen.fi\/wp-content\/uploads\/2023\/11\/lehtikuvia-0006-1200x1800.jpg 1200w, https:\/\/www.rkuittinen.fi\/wp-content\/uploads\/2023\/11\/lehtikuvia-0006.jpg 1467w\" sizes=\"auto, (max-width: 200px) 100vw, 200px\" \/><\/a>\n\t\t\t<\/div>\n\t\t\t\t<figcaption class='wp-caption-text gallery-caption' id='gallery-1-3394'>\n\t\t\t\tYl\u00e4-Karjala\n\t\t\t\t<\/figcaption><\/figure><figure class='gallery-item'>\n\t\t\t<div class='gallery-icon landscape'>\n\t\t\t\t<a href='https:\/\/www.rkuittinen.fi\/wp-content\/uploads\/2023\/11\/lehtikuvia-0008.jpg'><img loading=\"lazy\" decoding=\"async\" width=\"300\" height=\"200\" src=\"https:\/\/www.rkuittinen.fi\/wp-content\/uploads\/2023\/11\/lehtikuvia-0008-300x200.jpg\" class=\"attachment-medium size-medium\" alt=\"\" aria-describedby=\"gallery-1-3395\" srcset=\"https:\/\/www.rkuittinen.fi\/wp-content\/uploads\/2023\/11\/lehtikuvia-0008-300x200.jpg 300w, https:\/\/www.rkuittinen.fi\/wp-content\/uploads\/2023\/11\/lehtikuvia-0008-1024x683.jpg 1024w, https:\/\/www.rkuittinen.fi\/wp-content\/uploads\/2023\/11\/lehtikuvia-0008-150x100.jpg 150w, https:\/\/www.rkuittinen.fi\/wp-content\/uploads\/2023\/11\/lehtikuvia-0008-768x512.jpg 768w, https:\/\/www.rkuittinen.fi\/wp-content\/uploads\/2023\/11\/lehtikuvia-0008-1536x1024.jpg 1536w, https:\/\/www.rkuittinen.fi\/wp-content\/uploads\/2023\/11\/lehtikuvia-0008-2048x1366.jpg 2048w, https:\/\/www.rkuittinen.fi\/wp-content\/uploads\/2023\/11\/lehtikuvia-0008-1200x800.jpg 1200w, https:\/\/www.rkuittinen.fi\/wp-content\/uploads\/2023\/11\/lehtikuvia-0008-1980x1320.jpg 1980w\" sizes=\"auto, (max-width: 300px) 100vw, 300px\" \/><\/a>\n\t\t\t<\/div>\n\t\t\t\t<figcaption class='wp-caption-text gallery-caption' id='gallery-1-3395'>\n\t\t\t\tYl\u00e4-Karjala\n\t\t\t\t<\/figcaption><\/figure><figure class='gallery-item'>\n\t\t\t<div class='gallery-icon landscape'>\n\t\t\t\t<a href='https:\/\/www.rkuittinen.fi\/wp-content\/uploads\/2023\/11\/lehtikuvia-0003.jpg'><img loading=\"lazy\" decoding=\"async\" width=\"300\" height=\"200\" src=\"https:\/\/www.rkuittinen.fi\/wp-content\/uploads\/2023\/11\/lehtikuvia-0003-300x200.jpg\" class=\"attachment-medium size-medium\" alt=\"\" aria-describedby=\"gallery-1-3392\" srcset=\"https:\/\/www.rkuittinen.fi\/wp-content\/uploads\/2023\/11\/lehtikuvia-0003-300x200.jpg 300w, https:\/\/www.rkuittinen.fi\/wp-content\/uploads\/2023\/11\/lehtikuvia-0003-1024x683.jpg 1024w, https:\/\/www.rkuittinen.fi\/wp-content\/uploads\/2023\/11\/lehtikuvia-0003-150x100.jpg 150w, https:\/\/www.rkuittinen.fi\/wp-content\/uploads\/2023\/11\/lehtikuvia-0003-768x512.jpg 768w, https:\/\/www.rkuittinen.fi\/wp-content\/uploads\/2023\/11\/lehtikuvia-0003-1536x1024.jpg 1536w, https:\/\/www.rkuittinen.fi\/wp-content\/uploads\/2023\/11\/lehtikuvia-0003-2048x1366.jpg 2048w, https:\/\/www.rkuittinen.fi\/wp-content\/uploads\/2023\/11\/lehtikuvia-0003-1200x800.jpg 1200w, https:\/\/www.rkuittinen.fi\/wp-content\/uploads\/2023\/11\/lehtikuvia-0003-1980x1320.jpg 1980w\" sizes=\"auto, (max-width: 300px) 100vw, 300px\" \/><\/a>\n\t\t\t<\/div>\n\t\t\t\t<figcaption class='wp-caption-text gallery-caption' id='gallery-1-3392'>\n\t\t\t\tYl\u00e4-Karjala\n\t\t\t\t<\/figcaption><\/figure><figure class='gallery-item'>\n\t\t\t<div class='gallery-icon landscape'>\n\t\t\t\t<a href='https:\/\/www.rkuittinen.fi\/wp-content\/uploads\/2023\/11\/lehtikuvia-0004.jpg'><img loading=\"lazy\" decoding=\"async\" width=\"300\" height=\"200\" src=\"https:\/\/www.rkuittinen.fi\/wp-content\/uploads\/2023\/11\/lehtikuvia-0004-300x200.jpg\" class=\"attachment-medium size-medium\" alt=\"\" aria-describedby=\"gallery-1-3393\" srcset=\"https:\/\/www.rkuittinen.fi\/wp-content\/uploads\/2023\/11\/lehtikuvia-0004-300x200.jpg 300w, https:\/\/www.rkuittinen.fi\/wp-content\/uploads\/2023\/11\/lehtikuvia-0004-1024x683.jpg 1024w, https:\/\/www.rkuittinen.fi\/wp-content\/uploads\/2023\/11\/lehtikuvia-0004-150x100.jpg 150w, https:\/\/www.rkuittinen.fi\/wp-content\/uploads\/2023\/11\/lehtikuvia-0004-768x512.jpg 768w, https:\/\/www.rkuittinen.fi\/wp-content\/uploads\/2023\/11\/lehtikuvia-0004-1536x1024.jpg 1536w, https:\/\/www.rkuittinen.fi\/wp-content\/uploads\/2023\/11\/lehtikuvia-0004-2048x1366.jpg 2048w, https:\/\/www.rkuittinen.fi\/wp-content\/uploads\/2023\/11\/lehtikuvia-0004-1200x800.jpg 1200w, https:\/\/www.rkuittinen.fi\/wp-content\/uploads\/2023\/11\/lehtikuvia-0004-1980x1320.jpg 1980w\" sizes=\"auto, (max-width: 300px) 100vw, 300px\" \/><\/a>\n\t\t\t<\/div>\n\t\t\t\t<figcaption class='wp-caption-text gallery-caption' id='gallery-1-3393'>\n\t\t\t\tYl\u00e4-Karjala\n\t\t\t\t<\/figcaption><\/figure><figure class='gallery-item'>\n\t\t\t<div class='gallery-icon landscape'>\n\t\t\t\t<a href='https:\/\/www.rkuittinen.fi\/wp-content\/uploads\/2023\/11\/lehtikuvia-0009.jpg'><img loading=\"lazy\" decoding=\"async\" width=\"300\" height=\"200\" src=\"https:\/\/www.rkuittinen.fi\/wp-content\/uploads\/2023\/11\/lehtikuvia-0009-300x200.jpg\" class=\"attachment-medium size-medium\" alt=\"\" aria-describedby=\"gallery-1-3396\" srcset=\"https:\/\/www.rkuittinen.fi\/wp-content\/uploads\/2023\/11\/lehtikuvia-0009-300x200.jpg 300w, https:\/\/www.rkuittinen.fi\/wp-content\/uploads\/2023\/11\/lehtikuvia-0009-1024x683.jpg 1024w, https:\/\/www.rkuittinen.fi\/wp-content\/uploads\/2023\/11\/lehtikuvia-0009-150x100.jpg 150w, https:\/\/www.rkuittinen.fi\/wp-content\/uploads\/2023\/11\/lehtikuvia-0009-768x512.jpg 768w, https:\/\/www.rkuittinen.fi\/wp-content\/uploads\/2023\/11\/lehtikuvia-0009-1536x1024.jpg 1536w, https:\/\/www.rkuittinen.fi\/wp-content\/uploads\/2023\/11\/lehtikuvia-0009-2048x1366.jpg 2048w, https:\/\/www.rkuittinen.fi\/wp-content\/uploads\/2023\/11\/lehtikuvia-0009-1200x800.jpg 1200w, https:\/\/www.rkuittinen.fi\/wp-content\/uploads\/2023\/11\/lehtikuvia-0009-1980x1320.jpg 1980w\" sizes=\"auto, (max-width: 300px) 100vw, 300px\" \/><\/a>\n\t\t\t<\/div>\n\t\t\t\t<figcaption class='wp-caption-text gallery-caption' id='gallery-1-3396'>\n\t\t\t\tYl\u00e4-Karjala\n\t\t\t\t<\/figcaption><\/figure><figure class='gallery-item'>\n\t\t\t<div class='gallery-icon landscape'>\n\t\t\t\t<a href='https:\/\/www.rkuittinen.fi\/wp-content\/uploads\/2013\/12\/253-8377.jpg'><img loading=\"lazy\" decoding=\"async\" width=\"300\" height=\"200\" src=\"https:\/\/www.rkuittinen.fi\/wp-content\/uploads\/2013\/12\/253-8377-300x200.jpg\" class=\"attachment-medium size-medium\" alt=\"\" aria-describedby=\"gallery-1-2834\" srcset=\"https:\/\/www.rkuittinen.fi\/wp-content\/uploads\/2013\/12\/253-8377-300x200.jpg 300w, https:\/\/www.rkuittinen.fi\/wp-content\/uploads\/2013\/12\/253-8377-150x100.jpg 150w, https:\/\/www.rkuittinen.fi\/wp-content\/uploads\/2013\/12\/253-8377-1024x682.jpg 1024w, https:\/\/www.rkuittinen.fi\/wp-content\/uploads\/2013\/12\/253-8377.jpg 1700w\" sizes=\"auto, (max-width: 300px) 100vw, 300px\" \/><\/a>\n\t\t\t<\/div>\n\t\t\t\t<figcaption class='wp-caption-text gallery-caption' id='gallery-1-2834'>\n\t\t\t\tLiikennevilkku-lehti\n\t\t\t\t<\/figcaption><\/figure><figure class='gallery-item'>\n\t\t\t<div class='gallery-icon landscape'>\n\t\t\t\t<a href='https:\/\/www.rkuittinen.fi\/wp-content\/uploads\/2013\/12\/252-5143711.jpg'><img loading=\"lazy\" decoding=\"async\" width=\"300\" height=\"200\" src=\"https:\/\/www.rkuittinen.fi\/wp-content\/uploads\/2013\/12\/252-5143711-300x200.jpg\" class=\"attachment-medium size-medium\" alt=\"\" aria-describedby=\"gallery-1-2849\" srcset=\"https:\/\/www.rkuittinen.fi\/wp-content\/uploads\/2013\/12\/252-5143711-300x200.jpg 300w, https:\/\/www.rkuittinen.fi\/wp-content\/uploads\/2013\/12\/252-5143711-150x100.jpg 150w, https:\/\/www.rkuittinen.fi\/wp-content\/uploads\/2013\/12\/252-5143711-1024x682.jpg 1024w, https:\/\/www.rkuittinen.fi\/wp-content\/uploads\/2013\/12\/252-5143711.jpg 1700w\" sizes=\"auto, (max-width: 300px) 100vw, 300px\" \/><\/a>\n\t\t\t<\/div>\n\t\t\t\t<figcaption class='wp-caption-text gallery-caption' id='gallery-1-2849'>\n\t\t\t\tSillanrakentaja &#8211; Pohjois-Karjalan Kauppakamarin 60-vuotisjuhlavuosikirja\n\t\t\t\t<\/figcaption><\/figure><figure class='gallery-item'>\n\t\t\t<div class='gallery-icon landscape'>\n\t\t\t\t<a href='https:\/\/www.rkuittinen.fi\/wp-content\/uploads\/2013\/12\/161-.jpg'><img loading=\"lazy\" decoding=\"async\" width=\"300\" height=\"200\" src=\"https:\/\/www.rkuittinen.fi\/wp-content\/uploads\/2013\/12\/161--300x200.jpg\" class=\"attachment-medium size-medium\" alt=\"\" aria-describedby=\"gallery-1-2356\" srcset=\"https:\/\/www.rkuittinen.fi\/wp-content\/uploads\/2013\/12\/161--300x200.jpg 300w, https:\/\/www.rkuittinen.fi\/wp-content\/uploads\/2013\/12\/161--150x100.jpg 150w, https:\/\/www.rkuittinen.fi\/wp-content\/uploads\/2013\/12\/161--1024x682.jpg 1024w, https:\/\/www.rkuittinen.fi\/wp-content\/uploads\/2013\/12\/161-.jpg 1699w\" sizes=\"auto, (max-width: 300px) 100vw, 300px\" \/><\/a>\n\t\t\t<\/div>\n\t\t\t\t<figcaption class='wp-caption-text gallery-caption' id='gallery-1-2356'>\n\t\t\t\tKarjalan Heili\n\t\t\t\t<\/figcaption><\/figure><figure class='gallery-item'>\n\t\t\t<div class='gallery-icon landscape'>\n\t\t\t\t<a href='https:\/\/www.rkuittinen.fi\/wp-content\/uploads\/2013\/12\/tek-0002.jpg'><img loading=\"lazy\" decoding=\"async\" width=\"300\" height=\"200\" src=\"https:\/\/www.rkuittinen.fi\/wp-content\/uploads\/2013\/12\/tek-0002-300x200.jpg\" class=\"attachment-medium size-medium\" alt=\"\" aria-describedby=\"gallery-1-2813\" srcset=\"https:\/\/www.rkuittinen.fi\/wp-content\/uploads\/2013\/12\/tek-0002-300x200.jpg 300w, https:\/\/www.rkuittinen.fi\/wp-content\/uploads\/2013\/12\/tek-0002-150x100.jpg 150w, https:\/\/www.rkuittinen.fi\/wp-content\/uploads\/2013\/12\/tek-0002-1024x682.jpg 1024w, https:\/\/www.rkuittinen.fi\/wp-content\/uploads\/2013\/12\/tek-0002.jpg 1700w\" sizes=\"auto, (max-width: 300px) 100vw, 300px\" \/><\/a>\n\t\t\t<\/div>\n\t\t\t\t<figcaption class='wp-caption-text gallery-caption' id='gallery-1-2813'>\n\t\t\t\tTekniikan Akateemiset TEK\n\t\t\t\t<\/figcaption><\/figure><figure class='gallery-item'>\n\t\t\t<div class='gallery-icon landscape'>\n\t\t\t\t<a href='https:\/\/www.rkuittinen.fi\/wp-content\/uploads\/2013\/12\/valio-0001.jpg'><img loading=\"lazy\" decoding=\"async\" width=\"300\" height=\"199\" src=\"https:\/\/www.rkuittinen.fi\/wp-content\/uploads\/2013\/12\/valio-0001-300x199.jpg\" class=\"attachment-medium size-medium\" alt=\"\" aria-describedby=\"gallery-1-2568\" srcset=\"https:\/\/www.rkuittinen.fi\/wp-content\/uploads\/2013\/12\/valio-0001-300x199.jpg 300w, https:\/\/www.rkuittinen.fi\/wp-content\/uploads\/2013\/12\/valio-0001-150x99.jpg 150w, https:\/\/www.rkuittinen.fi\/wp-content\/uploads\/2013\/12\/valio-0001-1024x682.jpg 1024w, https:\/\/www.rkuittinen.fi\/wp-content\/uploads\/2013\/12\/valio-0001.jpg 1700w\" sizes=\"auto, (max-width: 300px) 100vw, 300px\" \/><\/a>\n\t\t\t<\/div>\n\t\t\t\t<figcaption class='wp-caption-text gallery-caption' id='gallery-1-2568'>\n\t\t\t\tMaito ja Me -lehti \n\t\t\t\t<\/figcaption><\/figure><figure class='gallery-item'>\n\t\t\t<div class='gallery-icon landscape'>\n\t\t\t\t<a href='https:\/\/www.rkuittinen.fi\/wp-content\/uploads\/2013\/12\/056-147886.jpg'><img loading=\"lazy\" decoding=\"async\" width=\"300\" height=\"199\" src=\"https:\/\/www.rkuittinen.fi\/wp-content\/uploads\/2013\/12\/056-147886-300x199.jpg\" class=\"attachment-medium size-medium\" alt=\"\" aria-describedby=\"gallery-1-2483\" srcset=\"https:\/\/www.rkuittinen.fi\/wp-content\/uploads\/2013\/12\/056-147886-300x199.jpg 300w, https:\/\/www.rkuittinen.fi\/wp-content\/uploads\/2013\/12\/056-147886-150x99.jpg 150w, https:\/\/www.rkuittinen.fi\/wp-content\/uploads\/2013\/12\/056-147886-1024x682.jpg 1024w, https:\/\/www.rkuittinen.fi\/wp-content\/uploads\/2013\/12\/056-147886.jpg 1700w\" sizes=\"auto, (max-width: 300px) 100vw, 300px\" \/><\/a>\n\t\t\t<\/div>\n\t\t\t\t<figcaption class='wp-caption-text gallery-caption' id='gallery-1-2483'>\n\t\t\t\tKarjalan Heili\n\t\t\t\t<\/figcaption><\/figure><figure class='gallery-item'>\n\t\t\t<div class='gallery-icon landscape'>\n\t\t\t\t<a href='https:\/\/www.rkuittinen.fi\/wp-content\/uploads\/2013\/12\/056-147778.jpg'><img loading=\"lazy\" decoding=\"async\" width=\"300\" height=\"200\" src=\"https:\/\/www.rkuittinen.fi\/wp-content\/uploads\/2013\/12\/056-147778-300x200.jpg\" class=\"attachment-medium size-medium\" alt=\"\" aria-describedby=\"gallery-1-2482\" srcset=\"https:\/\/www.rkuittinen.fi\/wp-content\/uploads\/2013\/12\/056-147778-300x200.jpg 300w, https:\/\/www.rkuittinen.fi\/wp-content\/uploads\/2013\/12\/056-147778-150x100.jpg 150w, https:\/\/www.rkuittinen.fi\/wp-content\/uploads\/2013\/12\/056-147778-1024x682.jpg 1024w, https:\/\/www.rkuittinen.fi\/wp-content\/uploads\/2013\/12\/056-147778.jpg 1699w\" sizes=\"auto, (max-width: 300px) 100vw, 300px\" \/><\/a>\n\t\t\t<\/div>\n\t\t\t\t<figcaption class='wp-caption-text gallery-caption' id='gallery-1-2482'>\n\t\t\t\tKarjalan Heili\n\t\t\t\t<\/figcaption><\/figure><figure class='gallery-item'>\n\t\t\t<div class='gallery-icon landscape'>\n\t\t\t\t<a href='https:\/\/www.rkuittinen.fi\/wp-content\/uploads\/2013\/12\/009-.jpg'><img loading=\"lazy\" decoding=\"async\" width=\"300\" height=\"199\" src=\"https:\/\/www.rkuittinen.fi\/wp-content\/uploads\/2013\/12\/009--300x199.jpg\" class=\"attachment-medium size-medium\" alt=\"\" aria-describedby=\"gallery-1-2348\" srcset=\"https:\/\/www.rkuittinen.fi\/wp-content\/uploads\/2013\/12\/009--300x199.jpg 300w, https:\/\/www.rkuittinen.fi\/wp-content\/uploads\/2013\/12\/009--150x99.jpg 150w, https:\/\/www.rkuittinen.fi\/wp-content\/uploads\/2013\/12\/009--1024x682.jpg 1024w, https:\/\/www.rkuittinen.fi\/wp-content\/uploads\/2013\/12\/009-.jpg 1700w\" sizes=\"auto, (max-width: 300px) 100vw, 300px\" \/><\/a>\n\t\t\t<\/div>\n\t\t\t\t<figcaption class='wp-caption-text gallery-caption' id='gallery-1-2348'>\n\t\t\t\tYlioppilaslehti Uljas\n\t\t\t\t<\/figcaption><\/figure><figure class='gallery-item'>\n\t\t\t<div class='gallery-icon landscape'>\n\t\t\t\t<a href='https:\/\/www.rkuittinen.fi\/wp-content\/uploads\/2013\/12\/051-.jpg'><img loading=\"lazy\" decoding=\"async\" width=\"300\" height=\"199\" src=\"https:\/\/www.rkuittinen.fi\/wp-content\/uploads\/2013\/12\/051--300x199.jpg\" class=\"attachment-medium size-medium\" alt=\"\" aria-describedby=\"gallery-1-2350\" srcset=\"https:\/\/www.rkuittinen.fi\/wp-content\/uploads\/2013\/12\/051--300x199.jpg 300w, https:\/\/www.rkuittinen.fi\/wp-content\/uploads\/2013\/12\/051--150x99.jpg 150w, https:\/\/www.rkuittinen.fi\/wp-content\/uploads\/2013\/12\/051--1024x682.jpg 1024w, https:\/\/www.rkuittinen.fi\/wp-content\/uploads\/2013\/12\/051-.jpg 1700w\" sizes=\"auto, (max-width: 300px) 100vw, 300px\" \/><\/a>\n\t\t\t<\/div>\n\t\t\t\t<figcaption class='wp-caption-text gallery-caption' id='gallery-1-2350'>\n\t\t\t\tYlioppilaslehti Uljas\n\t\t\t\t<\/figcaption><\/figure><figure class='gallery-item'>\n\t\t\t<div class='gallery-icon portrait'>\n\t\t\t\t<a href='https:\/\/www.rkuittinen.fi\/wp-content\/uploads\/2013\/12\/128-2.jpg'><img loading=\"lazy\" decoding=\"async\" width=\"199\" height=\"300\" src=\"https:\/\/www.rkuittinen.fi\/wp-content\/uploads\/2013\/12\/128-2-199x300.jpg\" class=\"attachment-medium size-medium\" alt=\"\" aria-describedby=\"gallery-1-2352\" srcset=\"https:\/\/www.rkuittinen.fi\/wp-content\/uploads\/2013\/12\/128-2-199x300.jpg 199w, https:\/\/www.rkuittinen.fi\/wp-content\/uploads\/2013\/12\/128-2-99x150.jpg 99w, https:\/\/www.rkuittinen.fi\/wp-content\/uploads\/2013\/12\/128-2-682x1024.jpg 682w, https:\/\/www.rkuittinen.fi\/wp-content\/uploads\/2013\/12\/128-2.jpg 755w\" sizes=\"auto, (max-width: 199px) 100vw, 199px\" \/><\/a>\n\t\t\t<\/div>\n\t\t\t\t<figcaption class='wp-caption-text gallery-caption' id='gallery-1-2352'>\n\t\t\t\tKarjalan Heili\n\t\t\t\t<\/figcaption><\/figure><figure class='gallery-item'>\n\t\t\t<div class='gallery-icon landscape'>\n\t\t\t\t<a href='https:\/\/www.rkuittinen.fi\/wp-content\/uploads\/2013\/12\/205-3377.jpg'><img loading=\"lazy\" decoding=\"async\" width=\"300\" height=\"199\" src=\"https:\/\/www.rkuittinen.fi\/wp-content\/uploads\/2013\/12\/205-3377-300x199.jpg\" class=\"attachment-medium size-medium\" alt=\"\" aria-describedby=\"gallery-1-2399\" srcset=\"https:\/\/www.rkuittinen.fi\/wp-content\/uploads\/2013\/12\/205-3377-300x199.jpg 300w, https:\/\/www.rkuittinen.fi\/wp-content\/uploads\/2013\/12\/205-3377-150x99.jpg 150w, https:\/\/www.rkuittinen.fi\/wp-content\/uploads\/2013\/12\/205-3377-1024x682.jpg 1024w, https:\/\/www.rkuittinen.fi\/wp-content\/uploads\/2013\/12\/205-3377.jpg 1700w\" sizes=\"auto, (max-width: 300px) 100vw, 300px\" \/><\/a>\n\t\t\t<\/div>\n\t\t\t\t<figcaption class='wp-caption-text gallery-caption' id='gallery-1-2399'>\n\t\t\t\tKarjalan Heili\n\t\t\t\t<\/figcaption><\/figure><figure class='gallery-item'>\n\t\t\t<div class='gallery-icon landscape'>\n\t\t\t\t<a href='https:\/\/www.rkuittinen.fi\/wp-content\/uploads\/2013\/12\/203-.jpg'><img loading=\"lazy\" decoding=\"async\" width=\"300\" height=\"200\" src=\"https:\/\/www.rkuittinen.fi\/wp-content\/uploads\/2013\/12\/203--300x200.jpg\" class=\"attachment-medium size-medium\" alt=\"\" aria-describedby=\"gallery-1-2364\" srcset=\"https:\/\/www.rkuittinen.fi\/wp-content\/uploads\/2013\/12\/203--300x200.jpg 300w, https:\/\/www.rkuittinen.fi\/wp-content\/uploads\/2013\/12\/203--150x100.jpg 150w, https:\/\/www.rkuittinen.fi\/wp-content\/uploads\/2013\/12\/203--1024x682.jpg 1024w, https:\/\/www.rkuittinen.fi\/wp-content\/uploads\/2013\/12\/203-.jpg 1699w\" sizes=\"auto, (max-width: 300px) 100vw, 300px\" \/><\/a>\n\t\t\t<\/div>\n\t\t\t\t<figcaption class='wp-caption-text gallery-caption' id='gallery-1-2364'>\n\t\t\t\tKarjalan Heili\n\t\t\t\t<\/figcaption><\/figure><figure class='gallery-item'>\n\t\t\t<div class='gallery-icon landscape'>\n\t\t\t\t<a href='https:\/\/www.rkuittinen.fi\/wp-content\/uploads\/2023\/11\/2-PAAKUVA.jpg'><img loading=\"lazy\" decoding=\"async\" width=\"300\" height=\"200\" src=\"https:\/\/www.rkuittinen.fi\/wp-content\/uploads\/2023\/11\/2-PAAKUVA-300x200.jpg\" class=\"attachment-medium size-medium\" alt=\"\" aria-describedby=\"gallery-1-3388\" srcset=\"https:\/\/www.rkuittinen.fi\/wp-content\/uploads\/2023\/11\/2-PAAKUVA-300x200.jpg 300w, https:\/\/www.rkuittinen.fi\/wp-content\/uploads\/2023\/11\/2-PAAKUVA-1024x682.jpg 1024w, https:\/\/www.rkuittinen.fi\/wp-content\/uploads\/2023\/11\/2-PAAKUVA-150x100.jpg 150w, https:\/\/www.rkuittinen.fi\/wp-content\/uploads\/2023\/11\/2-PAAKUVA-768x512.jpg 768w, https:\/\/www.rkuittinen.fi\/wp-content\/uploads\/2023\/11\/2-PAAKUVA-1536x1024.jpg 1536w, https:\/\/www.rkuittinen.fi\/wp-content\/uploads\/2023\/11\/2-PAAKUVA-1200x800.jpg 1200w, https:\/\/www.rkuittinen.fi\/wp-content\/uploads\/2023\/11\/2-PAAKUVA-1980x1320.jpg 1980w, https:\/\/www.rkuittinen.fi\/wp-content\/uploads\/2023\/11\/2-PAAKUVA.jpg 2000w\" sizes=\"auto, (max-width: 300px) 100vw, 300px\" \/><\/a>\n\t\t\t<\/div>\n\t\t\t\t<figcaption class='wp-caption-text gallery-caption' id='gallery-1-3388'>\n\t\t\t\tPohjois-Karjalan kauppakamarin lehti\n\t\t\t\t<\/figcaption><\/figure><figure class='gallery-item'>\n\t\t\t<div class='gallery-icon landscape'>\n\t\t\t\t<a href='https:\/\/www.rkuittinen.fi\/wp-content\/uploads\/2023\/11\/3-PIKKUKUVA-3.jpg'><img loading=\"lazy\" decoding=\"async\" width=\"300\" height=\"200\" src=\"https:\/\/www.rkuittinen.fi\/wp-content\/uploads\/2023\/11\/3-PIKKUKUVA-3-300x200.jpg\" class=\"attachment-medium size-medium\" alt=\"\" aria-describedby=\"gallery-1-3389\" srcset=\"https:\/\/www.rkuittinen.fi\/wp-content\/uploads\/2023\/11\/3-PIKKUKUVA-3-300x200.jpg 300w, https:\/\/www.rkuittinen.fi\/wp-content\/uploads\/2023\/11\/3-PIKKUKUVA-3-1024x682.jpg 1024w, https:\/\/www.rkuittinen.fi\/wp-content\/uploads\/2023\/11\/3-PIKKUKUVA-3-150x100.jpg 150w, https:\/\/www.rkuittinen.fi\/wp-content\/uploads\/2023\/11\/3-PIKKUKUVA-3-768x512.jpg 768w, https:\/\/www.rkuittinen.fi\/wp-content\/uploads\/2023\/11\/3-PIKKUKUVA-3-1536x1024.jpg 1536w, https:\/\/www.rkuittinen.fi\/wp-content\/uploads\/2023\/11\/3-PIKKUKUVA-3-1200x800.jpg 1200w, https:\/\/www.rkuittinen.fi\/wp-content\/uploads\/2023\/11\/3-PIKKUKUVA-3-1980x1320.jpg 1980w, https:\/\/www.rkuittinen.fi\/wp-content\/uploads\/2023\/11\/3-PIKKUKUVA-3.jpg 2000w\" sizes=\"auto, (max-width: 300px) 100vw, 300px\" \/><\/a>\n\t\t\t<\/div>\n\t\t\t\t<figcaption class='wp-caption-text gallery-caption' id='gallery-1-3389'>\n\t\t\t\tPohjois-Karjalan kauppakamarin lehti\n\t\t\t\t<\/figcaption><\/figure>\n\t\t<\/div>\n\n","protected":false},"excerpt":{"rendered":"<p>Kunkin kuvan julkaisukanava merkitty kuvaan.<\/p>\n","protected":false},"author":1,"featured_media":0,"parent":2044,"menu_order":0,"comment_status":"closed","ping_status":"open","template":"","meta":{"footnotes":""},"class_list":["post-2347","page","type-page","status-publish","hentry"],"jetpack_shortlink":"https:\/\/wp.me\/P1JalL-BR","jetpack_sharing_enabled":true,"_links":{"self":[{"href":"https:\/\/www.rkuittinen.fi\/index.php?rest_route=\/wp\/v2\/pages\/2347","targetHints":{"allow":["GET"]}}],"collection":[{"href":"https:\/\/www.rkuittinen.fi\/index.php?rest_route=\/wp\/v2\/pages"}],"about":[{"href":"https:\/\/www.rkuittinen.fi\/index.php?rest_route=\/wp\/v2\/types\/page"}],"author":[{"embeddable":true,"href":"https:\/\/www.rkuittinen.fi\/index.php?rest_route=\/wp\/v2\/users\/1"}],"replies":[{"embeddable":true,"href":"https:\/\/www.rkuittinen.fi\/index.php?rest_route=%2Fwp%2Fv2%2Fcomments&post=2347"}],"version-history":[{"count":30,"href":"https:\/\/www.rkuittinen.fi\/index.php?rest_route=\/wp\/v2\/pages\/2347\/revisions"}],"predecessor-version":[{"id":3481,"href":"https:\/\/www.rkuittinen.fi\/index.php?rest_route=\/wp\/v2\/pages\/2347\/revisions\/3481"}],"up":[{"embeddable":true,"href":"https:\/\/www.rkuittinen.fi\/index.php?rest_route=\/wp\/v2\/pages\/2044"}],"wp:attachment":[{"href":"https:\/\/www.rkuittinen.fi\/index.php?rest_route=%2Fwp%2Fv2%2Fmedia&parent=2347"}],"curies":[{"name":"wp","href":"https:\/\/api.w.org\/{rel}","templated":true}]}}